 tens digit of c(h)?
2
Let z(k) = k - 3. Let a be z(7). Suppose 3*m = a*h - 32, 1 = -2*h - h - 4*m. Let s(b) = 2*b**2 - 7*b + 5. What is the units digit of s(h)?
0
Suppose 2*s - 3*j + 261 = 0, -s + 33 = 3*j + 150. Suppose -297 = 5*f + 148. Let v = f - s. What is the tens digit of v?
3
Let p(k) = k**3 - 19*k**2 + 24*k - 27. Let m be p(18). Suppose 0 = 3*x - 12 - m. What is the units digit of x?
1
Suppose 5*o - 8 = 47. Let q(i) = 19*i - 2. Let f be q(1). Let z = f + o. What is the tens digit of z?
2
Let z = 97 + 91. What is the tens digit of z?
8
Suppose 0 = -5*x + x + 16. Suppose 3*n + k = -x*k + 525, -4*k = -12. What is the hundreds digit of n?
1
Let y(v) = 270*v**3 - v**2 + v. Let a be (5/15)/(5/15). What is the units digit of y(a)?
0
Let u = 64 + -27. What is the units digit of u?
7
Let o(l) = 2*l + 37. What is the tens digit of o(-9)?
1
Suppose 2*h = v - 412 - 508, -4*h = -v + 914. What is the units digit of v?
6
Let u(f) = -f**3 + 4*f**2 + f + 2. Let a be u(4). Suppose 4*g - g - a = 3*d, -5*g = 3*d - 10. Let k = d + 7. What is the units digit of k?
7
Let n(b) = -b**2 + 39. Let f be n(6). Suppose -f*z - 14 = -41. What is the units digit of z?
9
Suppose 11 = v + 3*i + 5, -17 = -5*v - 2*i. Suppose 5*j - 8*j - 349 = -5*l, -3*l - v*j = -195. What is the tens digit of l?
6
Let n = 206 - 51. Let z = n + 109. What is the hundreds digit of z?
2
Let j = -11 - 7. Let i be (-4)/j + (-40)/18. Let x(w) = 13*w**2 - 2*w + 1. What is the tens digit of x(i)?
5
Suppose 0 = 2*q - 5*w - 142, 28*q = 26*q - 5*w + 142. What is the tens digit of q?
7
Let z(q) = -18*q + 4. Let v = -11 - -15. Suppose -f - 3 = 5*b, f + 0*f = 2*b + v. What is the tens digit of z(b)?
2
Let l = 129 - 73. What is the units digit of l?
6
Suppose 0*r + 2*r = 5*u - 84, -4*u + 210 = -5*r. Let h be 60/68 - (-26)/221. What is the tens digit of 4 - (r - h) - -2?
4
Let v = 243 + -180. What is the tens digit of v?
6
Let q(i) = 10 + 18*i**2 - 4*i**3 + 2 - i**3 + 3*i + 4*i**3. Let l be q(18). Let v = -40 + l. What is the units digit of v?
6
Let x(s) = -2*s**2 - 16*s + 4. Let c be x(-8). Suppose -c*p = p. What is the units digit of p + (-1 - -31) + 0?
0
Let d(m) = -95*m + 85. What is the hundreds digit of d(-12)?
2
What is the hundreds digit of (-4)/(8/(-549))*2?
5
Suppose -2*b + 212 = -40. What is the hundreds digit of b?
1
Let l = -19 - -31. Suppose -5*v - 5*r + 9*r + 646 = 0, l = -3*r. What is the units digit of v?
6
Suppose g - 51 = 2*m, -27 - 44 = 3*m + 4*g. What is the tens digit of (-1 + 85/25)/((-2)/m)?
3
Suppose 3*i = -2*g + 225, 145 = -5*g + 4*i + 696. Suppose 2*l = 145 + g. What is the units digit of l?
8
Let y = 52 - 92. Suppose -3*k - 213 = -4*l, 0*k + 3*k + 195 = -2*l. Let t = y - k. What is the units digit of t?
7
Let a be (5680/(-25))/(-4) - 8/10. Suppose -y - 2*y - 90 = 0. Let l = a + y. What is the units digit of l?
6
Let z be -1 + 1 + (-17 - -4). Let j = -13 - z. Suppose -4*f + 92 = -j*s - s, 5*s = -2*f + 46. What is the tens digit of f?
2
Let r(w) be the first derivative of 4*w**3/3 + 5*w**2/2 - 14*w - 35. What is the hundreds digit of r(6)?
1
Let a(q) = -4*q + 44. Let g = -90 + 70. What is the units digit of a(g)?
4
Suppose 9*q + 181 = 1351. Suppose 26*o = 24*o + q. What is the units digit of o?
5
Suppose 0 = 2*p - 60 + 18. Let y = -1392 - -1457. Suppose r - y = -p. What is the units digit of r?
4
Let h(l) = -2*l**3 - 7*l**2 - 6*l - 1. Let i(o) = o**2 - 4*o - 4. Let p be i(5). Let m = p - 5. What is the units digit of h(m)?
9
Suppose 2*n + 2*n - 3*b = 0, -13 = n - 4*b. Let f(l) = -2*l**3 + 7 - 2*l**2 - 2*l**2 + 4*l**3. What is the tens digit of f(n)?
2
Suppose -6*t = -7*t + 5. Suppose -3*o - 5*l + 139 = 0, -l + 4*l = -t*o + 205. What is the units digit of o?
8
What is the thousands digit of 108/(-360) + -3 + 17613/10?
1
Let x = 52 - 54. What is the tens digit of -4 + x + 107 + -4?
9
What is the tens digit of 913/(-99) + 9 + 461/9?
5
Let o = -19 + 14. Let x = o - -49. What is the tens digit of x?
4
Suppose 50 = 2*c - 0*c. Let n = c + -21. Suppose -n*j + 4*y = -8, -4*j - y - 2*y + 15 = 0. What is the units digit of j?
3
Let y be 435/12 - ((-175)/(-28) + -5). Let k be 0 + -19 + 1 + -1. Let h = y + k. What is the units digit of h?
6
Suppose 5*z = 19 + 6. Let p = z + -1. What is the tens digit of (-118)/(-4) - 2/p?
2
Let n = 5203 + -3264. What is the tens digit of n?
3
Suppose r - 438 - 46 = 0. What is the hundreds digit of r?
4
Let t = -29 - -31. Suppose t*a = a + 69. Suppose 4*v - 250 = -5*w, -v + a = w - 4*v. What is the tens digit of w?
5
Suppose -172*b + 2332 = -168*b. What is the units digit of b?
3
Let b = 8 + -10. Let m be (-6)/(4*b/28). Suppose -m = -3*q + 24. What is the tens digit of q?
1
What is the units digit of (1 + 1)/((-2)/(-487))?
7
Suppose -5*r = -s + 5*s + 14, 4*s - 3*r = 2. What is the tens digit of s - (4/(-6) + (-1420)/12)?
1
Let h = 44 - 8. Let z = h + -21. Suppose -4*c = 3*p - 67, -p - 3*c + 9 = -z. What is the tens digit of p?
2
Suppose -246 = 3*f - 3087. What is the hundreds digit of f?
9
Suppose -5*q = -0*q - 650. What is the units digit of q?
0
Let g(m) = 133*m - 36. Let q be g(12). Suppose -14*k = -2*k - q. What is the units digit of k?
0
Let b(d) = d**2 - 9*d - 11. Let h be ((-78)/(-12))/((-1)/(-2)). What is the units digit of b(h)?
1
What is the tens digit of (2 + 1)/((-96900)/8076 - -12)?
1
Let u be ((-4)/(-6))/((-10)/(-75)). Suppose -u*h + 44 = -276. What is the units digit of h?
4
Let z = -88 + 60. Let r = z + 33. Suppose -4*n + 214 = 2*x, n - r*x = -14 + 84. What is the tens digit of n?
5
Suppose -2*z - 2*b + 0 = 2, -4*z + 4*b - 44 = 0. What is the units digit of (-6)/18 + (-134)/z?
2
Let b be (-3180)/(-9) + 10/15. Let r = -156 + b. What is the units digit of r?
8
Let c be (-72)/(-33) + (-4)/22. Let f be c/((-3)/(-48)*4). Suppose 2*a + 3*b = f*b + 45, 5 = -b. What is the tens digit of a?
1
Let c(a) = 13*a - 4. Let x(k) = -2*k**3 - k**2 + k - 1. Let r be x(1). Let s be c(r). What is the tens digit of 3 - 6 - (s + -1)?
4
Let p = 1594 + -956. What is the hundreds digit of p?
6
Suppose -3*z + 2838 = i, 176*i + 4740 = 5*z + 181*i. What is the tens digit of z?
4
Let w(j) = -3*j - 6. Let v be w(-7). Let p be 4/(-30) - (-62)/v. Suppose -2*c + p*c - 6 = 0. What is the units digit of c?
3
Suppose 20*z = 12*z + 280. Suppose 0 = -q + z. What is the units digit of q?
5
Let v = 81 + 112. Let k = v + -123. What is the tens digit of k?
7
Let l(d) = -3*d - 7. Let j be l(-8). Suppose 2*b - j = 1. What is the units digit of b?
9
Suppose -3566 = -11*m + 18742. What is the hundreds digit of m?
0
What is the units digit of (-1 + -1 - -1)*(21 + -67)?
6
Let z be (6/(-30) - 4)/((-2)/10). What is the tens digit of (-2 - 22)*z/(-14)?
3
Let h = 483 + -39. What is the units digit of h?
4
Suppose -a = -4*r + r - 94, 0 = -2*a - r + 160. Let i = a + 17. What is the units digit of i?
9
Let l(v) = -6*v + 7. Let m be l(-3). Let d = 5 + m. What is the tens digit of d?
3
Let c be (-72)/(-96)*3/((-3)/(-4)). What is the tens digit of (-9)/c - (3 - (-22)/(-1))?
1
Suppose 2*y - 841 = 4*w - 39, 396 = y + 3*w. What is the hundreds digit of y?
3
Let c(s) = -s**3 + 2*s**2 + s + 4. Let q be c(0). Let y be (-110)/q + 60/40. Let j = y + 66. What is the tens digit of j?
4
Let x(d) = -58*d**2 - 4*d + 3. Let z(i) = -290*i**2 - 20*i + 15. Let u(h) = -11*x(h) + 2*z(h). What is the units digit of u(1)?
9
Let s be (-2)/(-9) - (-344)/72. Let x be s/(-7 + 4 - -4). Suppose 4*r - 122 + 1 = x*y, -3*r + 105 = y. What is the tens digit of r?
3
Let m = 4 - -23. Suppose m = 3*o - 72. Let y = o - 18. What is the units digit of y?
5
Let i = 1340 - 899. What is the tens digit of i?
4
Let i be -1 - 1 - (11 + -7)/4. What is the tens digit of -13*(i - (1 + -3 + 0))?
1
Let z(j) = j. Let o be z(4). Suppose -o*d - 160 = d. What is the units digit of ((-126)/24)/(6/d)?
8
Let p(c) = -53*c - 158. What is the hundreds digit of p(-10)?
3
Let i = 78 - 145. Let c = 48 + i. Let t = c - -26. What is the units digit of t?
7
Let u(b) = 14*b - 23. Let g(p) = p + 2. Let c be g(3). What is the units digit of u(c)?
7
Let n = -7 - 176. Let x = -87 - n. What is the units digit of x?
6
What is the tens digit of (-20)/8*2408/(-35)?
7
Let d(h) = h + 351. Let b be d(0). Suppose -5*t + 5*y = -550, -3*t + 4*y = -b + 23. Suppose 3*q + 25 